e of -2 + 10 - -1 - 8?
1
Calculate 1 + -7 - (-3 - -2).
-5
What is the value of (1 - 4) + (-19 - -20)?
-2
Calculate -6 - -7 - (6 + -1).
-4
3 - (5 + -5 + 3)
0
What is the value of (4 - 2 - 2 - -4) + -3?
1
What is the value of 0 + -4 + (-4 - -4)?
-4
18 + -3 - ((0 - 3) + 11)
7
Calculate 1 - 2 - (4 + -1 + -2).
-2
What is -9 + 4 - -6 - (7 - 3)?
-3
Calculate 0 - (1 - (-3 - -10) - -3).
3
Calculate -2 + (3 + -2 - 2).
-3
Calculate 24 + -26 - (0 + -3 - 0).
1
4 + (-2 - 2) + -3
-3
6 - ((4 - (-1 + -1)) + -3)
3
-2 - 4 - -7 - -6
7
Calculate (-8 - ((6 - 3) + -7)) + 2.
-2
What is the value of -3 - (-7 - -1 - 0)?
3
What is the value of -20 + 5 + (-8 - (4 - 19))?
-8
Calculate 0 - -2 - (-15 + (-7 - -18)).
6
9 + -12 - (1 - -1)
-5
Calculate (-7 - -6) + 2 - (-6 - -2).
5
Evaluate 0 + (54 - 61 - (-1 - 6)).
0
What is -8 - (-2 + -5 + 7)?
-8
Evaluate -2 + 7 - -4 - (-3 - -6).
6
-1 - (-9 + -6 + 0 + 6)
8
Evaluate -3 + -2 + (-1 - 0) - -3.
-3
(-3 - 1 - -5) + -4 + -2
-5
Evaluate -4 + 1 + 7 + -8.
-4
What is the value of (-5 - 0) + (-3 - -4) + 10?
6
What is (6 - 0 - (-14 - -18)) + -3?
-1
-1 - (0 - (-7 + 3))
-5
(-3 - -2) + 0 + 0
-1
What is 1 + 2 + -3 - -6 - -1?
7
What is 9 + 12 + -13 - 14?
-6
What is -56 + 54 - (-2 - (2 - 2))?
0
Calculate -3 + (2 - 1) - 2 - 5.
-9
What is 9 - (4 - (-7 - -5))?
3
Calculate 0 + -1 - (17 + 4 - 26).
4
Calculate 0 - 0 - (-19 + 8 + 12).
-1
Calculate 8 + 0 + -8 + -8.
-8
What is 7 + -19 + 7 - (0 + -11)?
6
What is (4 - -2) + (-17 - -2 - -3)?
-6
What is the value of 4 + (-8 - -5) + 1?
2
Calculate (8 - 2) + 0 - (0 - 1).
7
3 + 1 + (5 - (11 + 6))
-8
What is 46 - 69 - (-1 + -12)?
-10
-6 - (-6 - (-7 + 3))
-4
What is the value of 1 + -11 - -2 - -12?
4
Evaluate 0 - (2 - -6) - (-4 - -1).
-5
What is the value of (13 - 1) + -5 + -1 + -2?
4
What is 4 - (-2 + (-5 - -6))?
5
Evaluate 3 - ((-7 - -6) + 6).
-2
Evaluate (-2 - -2 - 2) + -1 + -2.
-5
Evaluate 7 - (5 - (2 - 7)).
-3
What is the value of -3 + (-4 - (0 - 1)) - -3?
-3
What is (3 - 1) + -2 + -3 + -1?
-4
What is -3 + -6 + 9 + -1 + 11?
10
What is 2 - (-4 - (-3 + -5))?
-2
1 + 1 - (-6 - (8 - 11))
5
Evaluate -4 + (-1 - 4) + 5.
-4
Evaluate -20 - -13 - (-4 + 1 + -6).
2
What is 2 + (5 - 4) - (1 - -2)?
0
What is the value of -3 - (-4 + 1 + -3 - -1)?
2
What is 2 + (1 - 0 - (5 - 4))?
2
Calculate -7 - (0 + -9) - 9.
-7
What is the value of 2 - 1 - (0 + 4 - 4)?
1
Calculate 5 + 6 + -24 + 4.
-9
Calculate 5 + 1 + (5 - 4 - 8).
-1
Evaluate -3 - (0 - (-4 + 0)).
-7
Calculate (1 - 8) + (12 - 3) + 4.
6
Evaluate (2 - (1 + 3)) + -1 - 1.
-4
-1 + 3 - (-12 - -17)
-3
What is the value of -1 + 4 - (-6 - (-3 + -2))?
4
What is the value of -2 - (1 + -5 - (-7 - -8))?
3
Evaluate 7 - 3 - (1 - 2).
5
(-6 - (-30 - -28)) + (-1 - 0)
-5
What is the value of 59 - 57 - (5 + -1)?
-2
What is the value of 2 + (-6 + 3 - 1 - -1)?
-1
What is -4 + 1 - (-16 - (-4 + -13))?
-4
6 - (-8 + -1 + 5 + 4)
6
0 - -10 - (20 + -9)
-1
Calculate -11 + (-11 - -11) - -10.
-1
Calculate 6 - (9 + (-6 - 1)).
4
What is the value of 3 + -4 - (4 + -5 + -4)?
4
Evaluate 11 - (11 + -7) - (1 - 0).
6
What is 2 + (-2 - -4) + (16 - 21)?
-1
-1 - (-3 + (5 - 5 - 2))
4
Calculate 8 - (4 + (-2 - -6 - 5)).
5
What is -1 - (2 + -4 + -1)?
2
What is the value of 5 + -6 + -1 + (3 - 0)?
1
What is the value of 6 - (-7 + 20) - (1 - 0)?
-8
Calculate -3 + 1 - (-1 + 3).
-4
Calculate -5 + (-2 - (1 - 2 - 1)).
-5
-30 - -22 - (-1 - 8)
1
Calculate -8 - (-12 - (-4 + -6)).
-6
What is the value of (3 - (3 - -1)) + -3 - -5?
1
Calculate -9 + 1 - (-6 + 16 + -11).
-7
-8 + 7 - (-2 - -1) - 1
-1
Calculate -3 + -1 - (2 + -1).
-5
What is the value of 4 - -7 - (-4 - (-4 - 5))?
6
-3 + 4 + -1 + 2 - -1
3
Calculate 1 + 0 + -11 + 9 + 5.
4
Evaluate (3 + 5 - 4) + -1.
3
Calculate (20 - 11) + -2 + 0.
7
Evaluate (4 - -1) + -9 + 8.
4
Evaluate 0 + (-1 + 0 + 0 - -1).
0
What is the value of -2 + 6 - (6 + 6 + -16)?
8
What is (-12 - -5 - -5) + -1?
-3
What is 1 - -6 - 2 - 5?
0
What is 3 - (-4 - (2 + 6 + -16))?
-1
What is 3 - (3 - (2 - 6))?
-4
1 + (2 - 5) + 2
0
-2 + (0 - -1) + 0 + -3
-4
9 - 3 - (-4 + 8 + 7)
-5
Evaluate (-11 - -8) + (-2 - -1).
-4
6 - (1 + -7 - -14)
-2
What is the value of (3 - (1 - 5)) + -5?
2
What is -9 + 9 - (0 + (-1 - 1))?
2
Calculate 2 - 3 - (5 + -8 - 0).
2
What is (5 - 1) + -6 + 8 - 1?
5
5 - (-4 - (-9 + 1)) - 2
-1
What is the value of -11 + (-10 - -13) - -13?
5
Evaluate -1 + (-4 - 3 - -12).
4
Evaluate 1 + 0 + -1 + 1.
1
What is 0 - (0 + 6 + -8)?
2
Evaluate 33 + -25 - (-1 - (-12 - -1)).
-2
17 + -7 + -21 + 1
-10
Calculate 0 + (-5 - (-2 + (-2 - -4))).
-5
What is the value of -2 + 0 + 3 + -10 + 6?
-3
What is -93 + 91 - (2 - 0 - 9)?
5
Calculate 2 - (-4 - -11 - 0).
-5
Evaluate -3 - -1 - 2 - 0.
-4
Calculate -3 + 5 - -1 - 0.
3
Evaluate -10 - (4 + -6 + -6).
-2
What is the value of 0 - (-3 + 1 + 1 + 1)?
0
Evaluate -22 - -20 - (-9 - -1) - 2.
4
Calculate 74 - 71 - (0 - 1 - -3).
1
Calculate (5 + -11 - 3) + 8.
-1
What is the value of -1 - (-2 + 1 - -2)?
-2
Evaluate (6 + -5 - 5 - -7) + 2.
5
Calculate (-8 + 2 - 2) + 14 + -8.
-2
6 - (7 + 1 + -13 + 18)
-7
Evaluate -7 + 6 - (-1 + (-4 - -1)).
3
-2 + (4 - (2 + -3)) - 3
0
-4 + (-11 - -5) + 2 - -2
-6
What is (-13 - (19 + -39)) + 5 + -2?
10
4 + 5 + -6 - 2
1
Evaluate -2 + (-2 - -1 - 0).
-3
What is 2 - (-4 + (3 + 5 - 2))?
0
Calculate (1 - 3 - -1) + 1 - -4.
4
Evaluate (-3 - (-5 + -3)) + -2.
3
Evaluate -7 + -6 + 4 + 2 + 1.
-6
Evaluate -1 - -2 - (5 + 0).
-4
What is the value of 4 + 5 + -7 - 0?
2
Calculate 17 + -22 + 0 + 8.
3
What is 0 - -8 - (-11 + 11)?
8
-1 - (-2 - 6 - (1 - 3))
5
What is (5 - 1) + 14 + -20?
-2
Calculate 2 + 5 - (5 - 2).
4
Evaluate 2 + -2 + 0 + -2 + 7.
5
What is the value of 0 - (-4 + 6 - 0)?
-2
1 + -8 - (-16 + 4 + 3)
2
What is the value of 1 - (0 - 1) - (-16 + 13)?
5
What is the value of (0 - (5 + -3)) + -4 + 1?
-5
What is 5 + 4 + -9 + 4?
4
Evaluate 0 - (2 + -2 - (1 + 2)).
3
Evaluate (2 - (0 + 6)) + (29 - 30).
-5
4 - (3 - (-2 - -6))
5
What is the value of 9 + -10 - 9 - -15?
5
Calculate -3 + (10 - 0) + -2 + -1.
4
What is 3 + -1 + 2 + (-1 - 6)?
-3
What is 6 + (4 - 6 - -2 - -1)?
7
Evaluate 16 + (10 - 26) + (-1 - -1).
0
Evaluate -14 + -7 - -9 - -8.
-4
What is the value of 2 + -8 - 1 - -2?
-5
Evaluate -157 + 155 + (-1 - 4).
-7
Evaluate -6 + 0 + 8 + 0 + -5.
-3
Calculate (0 - (1 + 0 - 6)) + -4.
1
Evaluate 4 + -9 + (5 - (4 - 2)).
-2
(4 - 1) + -6 + 2 + 5
4
Evaluate 0 + 1 + (-2 - (-1 + 4)).
-4
10 - ((-2 - 1) + 11)
2
Evaluate -5 + -3 + 4 - (9 + -23).
10
Evaluate 5 - (6 + -7) - 1.
5
What is 14 - (7 - (-10 + 11))?
8
Evaluate 7 + (-10 - -7) + (-2 - 3).
-1
What is the value of -1 - (3 - 4) - -1 - 3?
-2
(-2 - -1) + (2 - (6 + -6))
1
What is the value of (-1 - -6) + (-84 - -70)?
-9
Calculate (1 - 0) + (-5 - (-23 + 15)).
4
What is -4 + (1 - (0 + -4 + 2))?
-1
What is the value of 9 + -3 + -10 + (-1 - 3)?
-8
What is the value of -5 + (46 - 46 - (-3 + 0))?
-2
What is the value of (-3 - -3 - 0) + -4 + 3?
-1
What is 6 - (1 + 10) - -12?
7
Calculate 1 + (6 - (6 - 4)).
5
Calculate (-7 - -2) + (11 - 9).
-3
What is the value of -5 + 1 + 1 + 2?
-1
(4 - -2) + -1 + -3
2
Calculate 0 + 2 - 1 - 1.
0
What is (7 - 3) + -1 + -1?
2
Calculate -13 + 16 + -1 + -3.
-1
Evaluate -2 - (-5 - -5) - (7 - 12).
3
What is -4 - ((-3 - 0 - 5) + 3)?
1
Evaluate 5 + 4 - 3 - 1.
5
-32 + 31 - (-6 + 1)
4
What is the value of 1 - (0 + -3 + 7 - 6)?
3
What is (2 - 4) + -2 + 1 + 4?
1
7 - 5 - (-3 + 5 + 2)
-2
What is -2 - -2 - (4 - 5)?
1
What is the value of -3 + (2 + -4 + 12 - 3)?
4
What is 2 + (4 + -4 - (-2 - -2))?
2
1 + -1 + 5 + -2
3
Evaluate (12 - 5 - 6) + 8.
9
Evaluate -3 - ((8 - 4) + 0 + -3).
-4
What is 13 + -7 + -13 + 5?
-2
Evaluate -2 + (-5 - (4 + -5) - 1).
-7
What is 7 + -12 - -2 - (-9 + 3)?
3
Evaluate -4 + 4 + 5 + -2 - 2.
1
Evaluate (-6 - -3 - -3) + 6 + -1.
5
What is the value of (0 - 3 - 0) + (30 - 30)?
-3
Evaluate -6 - (-6 - -4) - -6.
2
What is 2 + -1 + 11 + -6 + -3?
3
What is the value of (4 - (11 + -4)) + -3?
-6
What is the value of 2 - 0 - -6 - 5 - 4?
-1
What is the value of -3 - -8 - (4 + (-3 - 0))?
4
Evaluate 6 - -3 - 3 - (-30 - -31).
5
Calculate -24 + 9 - -10 - (-2 - 0).
-3
What is the value of -1 + -1 - (3 + -2 - 8)?
5
0 + -1 + (-4 - -7)
2
Calculate 6 - (-5 + 8 + -7).
10
2 - (-4 - -1 - -10)
-5
What is -1 + -1 + -3 - -2?
-3
What is -6 + 8 + -2 - -9?
9
What is -11 - (-19 - -11 - 11)?
8
Evaluate (2 - 1 - 0) + 10 + -12.
-1
What is the valu